y be h(d). Let a(x) = -12*x - 10. What is the units digit of a(y)?
8
Let k = 17 + -29. What is the tens digit of -1*k/3 - -35?
3
Suppose -47 = -2*m - 2*r - 3*r, -5*m + 146 = 3*r. Suppose -a - 18 - 9 = 2*k, -5*k = -2*a + 90. Let t = m + k. What is the tens digit of t?
1
Let d(t) be the third derivative of t**4/12 + 3*t**3 - 2*t**2. Let o be d(-8). Suppose -5*z + 5*j + 204 = -6, -o*z - 3*j + 64 = 0. What is the tens digit of z?
3
Suppose 6*t - t + 4*w = 22, -4*w + 10 = -t. Suppose -t*d = 2*z - 20, 5*z - 45 = -4*d - 0*d. Suppose 8*m - 84 = z*m. What is the tens digit of m?
2
What is the units digit of (-1 - -483)/(-4 + 5)?
2
Let v = 42 - 44. What is the tens digit of (7 + -8)/(v/158)?
7
Let c(v) = -v**2 + v - 1. Let i(y) = -2*y**3 - 3*y**2 + 2*y - 3. Let f(w) = 3*c(w) - i(w). What is the units digit of f(1)?
3
Let m be (-5)/10 + (-5)/(-2). Suppose -m*l + 6*l = v - 104, -3*v - 130 = 5*l. What is the units digit of l/(-2) - 2 - -2?
3
Let v be 0 - (-4)/(-7)*14/4. What is the units digit of (595/(-14))/(1/v)?
5
Let z = 82 + 26. What is the units digit of z?
8
Suppose 509 = -4*p + 5*k - 551, 4*k = -3*p - 764. Let s = -175 - p. What is the units digit of s?
5
Let y = -17 - -94. Suppose 2*a - 3*c = 124 + 23, -a + y = 2*c. What is the tens digit of a?
7
Let z(w) = 2*w**2 - 2*w - 3. Let r = -25 + 15. Let h = -6 - r. What is the units digit of z(h)?
1
Let w = -593 + 1093. What is the units digit of w?
0
Suppose 0 = 6*g - 14*g + 5344. What is the units digit of g?
8
Let j(r) = 351*r**2 + 6*r - 5. What is the units digit of j(1)?
2
Let o(k) be the third derivative of -k**5/60 + k**4/6 + k**3/2 - 4*k**2. Let m be o(5). What is the units digit of (1 - m) + (2 - 1)?
4
Let z(o) = o**3 - 5*o**2 - 6. Let a be 33/6 + (-2)/4. Let s be z(a). What is the tens digit of (s/9)/(4/(-138))?
2
Let n = 49 + -41. Let f(t) = 10*t - 20. What is the tens digit of f(n)?
6
Let x = -5802 + 8566. What is the hundreds digit of x?
7
Suppose -3*l + 6*l = -2*g + 2, g = 3*l - 17. Suppose -l*a = 2*j - 736, -a = -2*j - 51 - 133. What is the tens digit of a?
8
Suppose 0 = -3*q + 5*k + 2537 + 3006, -k + 9257 = 5*q. What is the thousands digit of q?
1
Suppose 2*y = -47 - 29. Let u = 51 + y. What is the units digit of u?
3
What is the tens digit of (-48)/10*15450/(-120)?
1
Suppose 32 = m - g, g - 76 = -2*m - g. Suppose -m = -4*r + 5*b, 0 = -r - 2*b - 1. What is the units digit of r?
5
Let t(o) = 4*o**3 - 6*o + 8. Let u be t(3). Suppose -5*a + 72 + u = 5*s, 4*s - 100 = -3*a. What is the units digit of a?
6
Let g be (-5 - -5)/(4/2). Suppose 3*n + g*n + 2 = 2*p, p = -n - 4. What is the units digit of p + (-4 + 28)/3?
6
Let m(s) = 74*s + 4. Let q be (-6)/15*15/24*-4. What is the tens digit of m(q)?
7
Let x(q) = 23*q**2 + q + 2. Let b be x(-1). Let p = -15 + b. What is the units digit of p?
9
Let i(l) = 131*l + 51. What is the tens digit of i(7)?
6
Let o = 13 - 11. Suppose -o*m + 5*b - 4 = -38, -4*b + 19 = 5*m. Suppose -25 = 2*g - m*g - 5*s, 2*g + s - 9 = 0. What is the units digit of g?
4
What is the units digit of (-1)/((15/1182)/(-5))?
4
Suppose m + 1771 = 12*m. What is the hundreds digit of m?
1
Let u = 485 - 469. Suppose 4 = -4*b + 3*x, -5*x + 5 = -15. Suppose -b*m = -m - u. What is the tens digit of m?
1
Let c = -434 + 210. Let b = 14 - c. What is the hundreds digit of b?
2
Let x = -121 + -5. Let a = 11 - x. What is the units digit of a?
7
Let m(l) = l**3 - 3*l**2 + 6*l - 1. Suppose -15 - 31 = 2*x. Let t = x - -27. What is the tens digit of m(t)?
3
Let b = -3 - -8. Suppose 4*x = b + 3. Suppose 0 = 4*a + o - 23, -x*a + o + 13 = -0*o. What is the units digit of a?
6
Let w = 549 - -158. What is the units digit of w?
7
Let f = 8 - 7. Let u(n) = 3*n**3 + 2*n**2 - n. Let h be u(f). Suppose h*l + 4*c - 22 = 26, -c + 46 = 3*l. What is the units digit of l?
7
Suppose 3*w + 9 = 2*w - 2*j, 4*w + 4*j + 16 = 0. What is the tens digit of (w + 1)*(39 + 7)?
9
Suppose 5*f + j - 3139 = 0, 0 = 3*f - 2*j - 1712 - 174. What is the hundreds digit of f?
6
Suppose 5*k + 4*s = 4*k - 4, 4*k + 1 = -s. Let v(d) = -d**3 + 2*d**2 + 189. What is the tens digit of v(k)?
8
What is the hundreds digit of (-13476)/(-4) + (-14)/2 + 3?
3
Let g = -167 + -14. Let x = 288 + g. What is the units digit of x?
7
Suppose 3*i = -3*u - 42, -u - 2*i = 14 + 4. Let l be 276/10 + 6/(-10). What is the units digit of 480/l + u/(-45)?
8
Let l(r) = 41*r - 1. Let t be l(2). Suppose -2*y - y = -t. What is the tens digit of y?
2
Let t = 9 - 11. Suppose 4*u + 768 = -w, -5*u - 47 = -3*w + 913. What is the tens digit of (t/(-4))/((-2)/u)?
4
Suppose -3*b + 782 + 1291 = 0. What is the hundreds digit of b?
6
Let y = -10 + 13. Suppose -4*f = -f - y. Suppose 47 = r + f. What is the units digit of r?
6
Suppose 12*k - 1760 = -8*k. What is the tens digit of k?
8
Let c = 1199 + -631. What is the units digit of c?
8
Let w(l) = 24*l - 3. Let s be w(6). Let i be 2/(-3) - s/(-9). Suppose -17 = -2*j + i. What is the tens digit of j?
1
Let l(f) = -72 - 62 + 146 - f. What is the units digit of l(5)?
7
Suppose -10*j + 5*j + 15 = 0. Suppose -4 - 2 = -j*v, 2*t = 3*v + 144. What is the units digit of t?
5
Let o(b) = 7*b - 7. Let j be o(-2). Let r = 42 - j. What is the tens digit of r?
6
Suppose 78*d - 520011 = -173769. What is the tens digit of d?
3
Let f = -119 - -81. Suppose 49 + 11 = -s. Let m = f - s. What is the tens digit of m?
2
Let s be (34/(-5))/(1/(-30)). Let v = -121 + s. What is the units digit of v?
3
Suppose 93*h + h - 448474 = 0. What is the thousands digit of h?
4
Let i = -26 + 29. Suppose -3*z + i*p + 375 = 0, 3*z + 140 = 4*z + 4*p. What is the tens digit of z?
2
Let q be (1/(-2))/((-2)/(-240)). Let h = -37 - q. Let g = h + 1. What is the units digit of g?
4
Suppose -2*j + 4 = -2*w, -3*w + 2*j - 1 - 3 = 0. Let q = 16 + w. What is the units digit of q?
6
Suppose 4*h - l = 51 + 55, 3*h + 3*l = 72. Suppose -20 = -5*i + i. Suppose 2*z = -3*z + 3*j + h, i*j = 15. What is the units digit of z?
7
Let j(b) = 7*b + 4. Let r be j(-4). Let k = 42 + r. Let w = k + -9. What is the units digit of w?
9
Let d(m) = -m**3 + 6*m**2 - m. Let n be 7 + (-1 - (-2 + 2)). Let w be d(n). Let q(v) = -v + 1. What is the units digit of q(w)?
7
Suppose 5*y = 4*d + 110, 2*y + 5*d - 12 = -1. What is the tens digit of y/(-30) - (-386)/10?
3
What is the units digit of 3/8 - (-48139)/184?
2
Let h(u) be the third derivative of 17*u**4/12 - u**3/6 - 5*u**2. What is the tens digit of h(3)?
0
Let u(p) = 3*p**2 + p. Let i be u(-1). Suppose -i*s + 16 = -34. What is the units digit of s?
5
Let f(g) = 7*g - 15. What is the hundreds digit of f(23)?
1
Suppose b - 5*l = 3, -b - 4*l + 27 = -21. Let j(y) = -10 - b*y - 2*y**2 + 0 - 3. What is the tens digit of j(-12)?
3
Suppose 2862 = 23*t - 2152. What is the units digit of t?
8
Suppose 5*f + l = 4196, -3*f + f - l + 1676 = 0. Suppose 247 = z - 2*h, 0 = 4*z + 5*h - f - 148. What is the hundreds digit of z?
2
Let r = 2383 - 1401. What is the hundreds digit of r?
9
Let t(r) = 6*r - 33. Suppose -54 = 8*k - 11*k. What is the tens digit of t(k)?
7
Suppose 129 = 4*a - 255. Suppose -111 = -3*r + a. What is the tens digit of r?
6
Let d(z) = -38*z**2 - 2*z - z + 40*z**2 + 4. Let m be (-1 + 2 + 0)*3. What is the tens digit of d(m)?
1
Suppose 15*v = 10*v + 15. Suppose 0 = -v*n + 5*l + 294, -2*l - 2*l - 196 = -2*n. What is the tens digit of n?
9
Let a(m) = -3*m**2 + 2*m + 312. What is the hundreds digit of a(0)?
3
Let v(w) = 4*w - 18. Suppose 14*m - 10*m + 12 = 0. Let b(u) = -5*u + 19. Let n(y) = m*v(y) - 2*b(y). What is the units digit of n(-14)?
4
What is the hundreds digit of 7525/45 - 8/(-72)*-2?
1
Let l = 24 + 354. What is the units digit of l?
8
Suppose 23698 + 25642 = 10*s. What is the units digit of s?
4
Suppose 8*q - 3*q - 3 = 2*y, y - q - 3 = 0. Let r be (0 - 0)/(y + -8). Suppose r = 2*d + 2*d - 4. What is the units digit of d?
1
Suppose -138 = -b - 2*b. Let p = b - 18. What is the units digit of p?
8
Let l = -959 - -1592. What is the hundreds digit of l?
6
Let j be (7 - -1)*(-2)/4. Let i be 63/(-12) + j/(-16). Let s(g) = -2*g**2 - 15*g + 1. What is the tens digit of s(i)?
2
Let w be 5/(-15) + (-85)/(-3). Let b be 1834/w*1*-2. Let j = 185 + b. What is the units digit of j?
4
Suppose 5*y = -5 + 155. Suppose -v + 15 = -y. Suppose -v = -2*z + 3. What is 